y 3752.
83
Calculate the remainder when 242500 is divided by 60623.
8
What is the remainder when 73737 is divided by 36715?
307
Calculate the remainder when 39228438 is divided by 623.
620
Calculate the remainder when 608994 is divided by 304420.
154
Calculate the remainder when 100295 is divided by 1349.
469
Calculate the remainder when 270624 is divided by 4920.
24
Calculate the remainder when 12397940 is divided by 68.
44
What is the remainder when 3660334 is divided by 1220110?
4
Calculate the remainder when 1168905 is divided by 409.
392
Calculate the remainder when 217505 is divided by 2364.
17
Calculate the remainder when 12266676 is divided by 57.
48
Calculate the remainder when 1057504 is divided by 528744.
16
What is the remainder when 4310146 is divided by 407?
16
Calculate the remainder when 142052 is divided by 1381.
1190
Calculate the remainder when 38308 is divided by 7647.
73
What is the remainder when 133508591 is divided by 19?
18
What is the remainder when 43480 is divided by 394?
140
Calculate the remainder when 491854751 is divided by 2251.
2247
What is the remainder when 33083078 is divided by 18?
14
Calculate the remainder when 17054366 is divided by 52.
30
Calculate the remainder when 1116942 is divided by 41368.
6
What is the remainder when 49041297 is divided by 330?
327
Calculate the remainder when 196967608 is divided by 630.
628
Calculate the remainder when 199837197 is divided by 6910.
6907
What is the remainder when 439617 is divided by 62799?
24
What is the remainder when 326272 is divided by 12546?
76
Calculate the remainder when 4407368 is divided by 2266.
2264
What is the remainder when 665185 is divided by 13575?
10
What is the remainder when 587977 is divided by 195943?
148
Calculate the remainder when 10591060 is divided by 2261.
536
What is the remainder when 26982231 is divided by 7830?
51
Calculate the remainder when 302225 is divided by 75524.
129
What is the remainder when 261618 is divided by 23776?
82
What is the remainder when 1095267 is divided by 628?
35
What is the remainder when 92675 is divided by 92153?
522
Calculate the remainder when 190735425 is divided by 163.
160
What is the remainder when 59919025 is divided by 263?
261
Calculate the remainder when 671804 is divided by 4940.
4904
What is the remainder when 123386 is divided by 3497?
991
Calculate the remainder when 38199611 is divided by 23.
15
Calculate the remainder when 260980590 is divided by 2.
0
What is the remainder when 78311 is divided by 965?
146
What is the remainder when 7583515 is divided by 89?
3
What is the remainder when 96634865 is divided by 7?
5
Calculate the remainder when 6714742 is divided by 1532.
1518
What is the remainder when 287819470 is divided by 539999?
3
Calculate the remainder when 417704 is divided by 208617.
470
Calculate the remainder when 1038228 is divided by 106.
64
Calculate the remainder when 16431644 is divided by 567.
551
What is the remainder when 466166 is divided by 267?
251
Calculate the remainder when 18567660 is divided by 797.
748
What is the remainder when 5489438 is divided by 2906?
4
What is the remainder when 673571 is divided by 28020?
1091
What is the remainder when 16871304 is divided by 5623763?
15
What is the remainder when 66223 is divided by 13243?
8
What is the remainder when 104608 is divided by 852?
664
What is the remainder when 30131 is divided by 2341?
2039
Calculate the remainder when 43001 is divided by 163.
132
What is the remainder when 752331 is divided by 4532?
19
Calculate the remainder when 1031853 is divided by 334.
127
What is the remainder when 26039730 is divided by 1718?
4
What is the remainder when 49305596 is divided by 768?
764
What is the remainder when 851356 is divided by 60809?
30
Calculate the remainder when 9090975 is divided by 9090958.
17
Calculate the remainder when 6902854 is divided by 9.
7
Calculate the remainder when 7087775 is divided by 344.
343
What is the remainder when 725099900 is divided by 864?
860
Calculate the remainder when 34532 is divided by 482.
310
Calculate the remainder when 2248115 is divided by 245.
240
Calculate the remainder when 252493409 is divided by 263.
259
Calculate the remainder when 434538 is divided by 108629.
22
What is the remainder when 219817 is divided by 2850?
367
Calculate the remainder when 3927566 is divided by 214.
24
What is the remainder when 42779643 is divided by 246?
243
Calculate the remainder when 749273 is divided by 1137.
1127
What is the remainder when 1134472 is divided by 2278?
28
Calculate the remainder when 1024255 is divided by 15753.
310
Calculate the remainder when 3843278 is divided by 280.
278
What is the remainder when 76935 is divided by 1099?
5
What is the remainder when 45629879 is divided by 37?
36
What is the remainder when 236266 is divided by 49?
37
Calculate the remainder when 60491354 is divided by 809.
806
Calculate the remainder when 1634846 is divided by 135.
131
What is the remainder when 586166 is divided by 3758?
3676
What is the remainder when 57700203 is divided by 14425050?
3
Calculate the remainder when 18413124 is divided by 17.
16
Calculate the remainder when 444539 is divided by 222239.
61
Calculate the remainder when 274918 is divided by 16.
6
Calculate the remainder when 967336 is divided by 877.
5
Calculate the remainder when 330280 is divided by 7333.
295
What is the remainder when 463936 is divided by 28994?
32
What is the remainder when 1041101 is divided by 2151?
17
Calculate the remainder when 44804 is divided by 946.
342
Calculate the remainder when 92679 is divided by 30669.
672
Calculate the remainder when 201029 is divided by 1718.
23
What is the remainder when 179669 is divided by 123?
89
What is the remainder when 361795 is divided by 51683?
14
What is the remainder when 16502753 is divided by 19?
18
Calculate the remainder when 1319969 is divided by 1244.
85
Calculate the remainder when 18810093 is divided by 1373.
1366
Calculate the remainder when 531602 is divided by 1532.
1530
Calculate the remainder when 138781 is divided by 19441.
2694
Calculate the remainder when 90896 is divided by 22666.
232
Calculate the remainder when 25748 is divided by 1972.
112
Calculate the remainder when 96313 is divided by 2902.
547
Calculate the remainder when 32674 is divided by 8026.
570
Calculate the remainder when 686947 is divided by 667.
604
What is the remainder when 559989 is divided by 45?
9
Calculate the remainder when 975107 is divided by 717.
704
Calculate the remainder when 59325383 is divided by 1348304.
7
Calculate the remainder when 98104 is divided by 48894.
316
Calculate the remainder when 46020 is divided by 1258.
732
What is the remainder when 20012 is divided by 1976?
252
What is the remainder when 8606901 is divided by 1073?
368
What is the remainder when 77091145 is divided by 483?
481
Calculate the remainder when 4842798 is divided by 51.
42
What is the remainder when 86415418 is divided by 5586?
5584
What is the remainder when 70319 is divided by 62?
11
Calculate the remainder when 8486822 is divided by 60.
2
Calculate the remainder when 35721 is divided by 32249.
3472
Calculate the remainder when 17645488 is divided by 882273.
28
Calculate the remainder when 228003071 is divided by 411.
410
Calculate the remainder when 12749940 is divided by 205644.
12
Calculate the remainder when 13666619 is divided by 120.
59
What is the remainder when 190937 is divided by 9089?
68
Calculate the remainder when 32494 is divided by 775.
719
Calculate the remainder when 5462672 is divided by 42.
26
Calculate the remainder when 25184843 is divided by 34.
23
Calculate the remainder when 361088 is divided by 560.
448
What is the remainder when 6679379 is divided by 143?
135
Calculate the remainder when 26854038 is divided by 2120.
2118
Calculate the remainder when 1228374 is divided by 613653.
1068
What is the remainder when 2618710 is divided by 1290?
10
What is the remainder when 179801 is divided by 87?
59
What is the remainder when 3154412 is divided by 1706?
18
What is the remainder when 5468714 is divided by 9?
8
What is the remainder when 2473690 is divided by 282?
268
What is the remainder when 6785416 is divided by 77107?
0
Calculate the remainde